{"id":272,"date":"2022-07-25T13:25:21","date_gmt":"2022-07-25T13:25:21","guid":{"rendered":"https:\/\/www.cabinet-jvl.fr\/site\/?page_id=272"},"modified":"2025-10-27T11:21:26","modified_gmt":"2025-10-27T09:21:26","slug":"avancer-ensemble-groupes-danalyse-des-pratiques","status":"publish","type":"page","link":"https:\/\/www.cabinet-jvl.fr\/site\/avancer-ensemble-groupes-danalyse-des-pratiques\/","title":{"rendered":"Avancer ensemble"},"content":{"rendered":"\n<p>Je vous propose d&#8217;accompagner le regard que vous portez sur vos pratiques professionnelles de fa\u00e7on collective ou individuelle.<\/p>\n\n\n\n<!--more-->\n\n\n\n<h2 class=\"wp-block-heading\">Analyses des pratiques professionnelles : questionner les pratiques du quotidien<\/h2>\n\n\n\n<p>Dans une d\u00e9marche questionnante volontairement d\u00e9cal\u00e9e, l&#8217;id\u00e9e est de faire \u00e9voluer vos pratiques Dans une d\u00e9marche questionnante et syst\u00e9mique, je vous accompagne pour faire \u00e9voluer vos pratiques d&#8217;\u00e9quipe, le regard que vous portez sur elles, enrichir votre quotidien professionnel, ajuster certaines fa\u00e7ons de faire et d&#8217;\u00eatre.<\/p>\n\n\n\n<p>Ensemble, nous remettons du sens dans la conduite de vos actions et assurons votre r\u00e9gulation \u00e9motionnelle face aux r\u00e9alit\u00e9s parfois difficiles que vous rencontrez dans votre m\u00e9tier. Je cr\u00e9e un espace d&#8217;\u00e9change qui permet de mieux vivre vos r\u00e9alit\u00e9s professionnelles et de vous y adapter dans un \u00e9quilibre entre vie professionnelle et espace personnel.<\/p>\n\n\n\n<h3 class=\"wp-block-heading\"><strong>Pour qui et pourquoi ?<\/strong><\/h3>\n\n\n\n<p>J&#8217;accompagne actuellement l&#8217;analyse des pratiques pour des groupes de professionnel\u00b7le\u00b7s de divers statuts : travailleurs\u00b7ses sociaux\u00b7ales, cadres de direction, professionnel\u00b7le\u00b7s param\u00e9dicaux\u00b7ales, forces de l&#8217;ordre&#8230; C&#8217;est un outil qui va au-del\u00e0 de la &#8220;Qualit\u00e9 de vie au travail&#8221; (QVT) et participe activement \u00e0 la pr\u00e9vention des risques psycho-sociaux (RPS) sp\u00e9cifiques aux m\u00e9tiers de l&#8217;accompagnement et de l&#8217;aide, tout en favorisant la pr\u00e9vention face \u00e0 des situations tr\u00e8s diverses.<\/p>\n\n\n\n<p><strong>Les probl\u00e9matiques abord\u00e9es peuvent \u00eatre multiples :<\/strong><\/p>\n\n\n\n<ul class=\"wp-block-list\">\n<li><strong>Li\u00e9es au management :<\/strong> enjeux inter-relationnels, gestion de comportements inadapt\u00e9s, communication au sein des \u00e9quipes, r\u00e9actions face aux situations d\u00e9licates ;<\/li>\n\n\n\n<li><strong>Li\u00e9es aux usagers ou b\u00e9n\u00e9ficiaires :<\/strong> gestion des refus, relations inter-usagers, interculturalit\u00e9, violences (verbales, psychiques, physiques), addictions ;<\/li>\n\n\n\n<li><strong>Plus personnelles :<\/strong> gestion des \u00e9motions dans l&#8217;espace professionnel, articulation des espaces professionnel et personnel, accompagnement des accidents et des crises ;<\/li>\n\n\n\n<li><strong>Li\u00e9es \u00e0 l&#8217;environnement :<\/strong> crises sanitaires, contextes socio-\u00e9conomiques difficiles, rapports de genre, discriminations, \u00e9co-anxi\u00e9t\u00e9&#8230;<\/li>\n<\/ul>\n\n\n\n<h3 class=\"wp-block-heading\"><strong>Comment \u00e7a marche ?<\/strong><\/h3>\n\n\n\n<p>Le point de d\u00e9part repose toujours sur des exemples tr\u00e8s concrets que vous avez v\u00e9cus, partag\u00e9s au sein du groupe ou de fa\u00e7on individuelle. Mon approche conjugue regards crois\u00e9s au sein du groupe et mises en perspective th\u00e9oriques et pratiques que je vous propose, nourries par mon parcours en recherche, management et accompagnement th\u00e9rapeutique.<\/p>\n\n\n\n<h2 class=\"wp-block-heading\">Analyses des pratiques en groupe et en individuel<\/h2>\n\n\n\n<h3 class=\"wp-block-heading\">En groupe<\/h3>\n\n\n\n<p>J&#8217;interviens aupr\u00e8s de collectivit\u00e9s publiques, associations ou structures priv\u00e9es. Je propose des groupes d&#8217;analyse des pratiques d&#8217;une dur\u00e9e de 2h, en distanciel (7\/8 personnes max.) comme en pr\u00e9sentiel (10 personnes max.), selon un calendrier d\u00e9termin\u00e9 en fonction de vos besoins.<\/p>\n\n\n\n<figure class=\"wp-block-image size-large\"><img loading=\"lazy\" decoding=\"async\" width=\"1024\" height=\"1024\" src=\"https:\/\/www.cabinet-jvl.fr\/site\/wp-content\/uploads\/CabinetJVL-AnalyseDesPratiques-1024x1024.jpg\" alt=\"\" class=\"wp-image-360\" srcset=\"https:\/\/www.cabinet-jvl.fr\/site\/wp-content\/uploads\/CabinetJVL-AnalyseDesPratiques-1024x1024.jpg 1024w, https:\/\/www.cabinet-jvl.fr\/site\/wp-content\/uploads\/CabinetJVL-AnalyseDesPratiques-300x300.jpg 300w, https:\/\/www.cabinet-jvl.fr\/site\/wp-content\/uploads\/CabinetJVL-AnalyseDesPratiques-100x100.jpg 100w, https:\/\/www.cabinet-jvl.fr\/site\/wp-content\/uploads\/CabinetJVL-AnalyseDesPratiques-600x600.jpg 600w, https:\/\/www.cabinet-jvl.fr\/site\/wp-content\/uploads\/CabinetJVL-AnalyseDesPratiques-150x150.jpg 150w, https:\/\/www.cabinet-jvl.fr\/site\/wp-content\/uploads\/CabinetJVL-AnalyseDesPratiques-768x768.jpg 768w, https:\/\/www.cabinet-jvl.fr\/site\/wp-content\/uploads\/CabinetJVL-AnalyseDesPratiques.jpg 1080w\" sizes=\"auto, (max-width: 1024px) 100vw, 1024px\" \/><figcaption class=\"wp-element-caption\">Installer un cadre serein et convivial pour lib\u00e9rer la parole et permettre le partage des bonnes pratiques. Photo Cabinet JVL.<\/figcaption><\/figure>\n\n\n\n<h3 class=\"wp-block-heading\">En individuel<\/h3>\n\n\n\n<p>Je propose \u00e9galement un accompagnement individuel, ouvert plus sp\u00e9cifiquement aux membres de directions g\u00e9n\u00e9rales et \u00e9quipes de direction. Ces s\u00e9ances r\u00e9pondent \u00e0 un sentiment d&#8217;isolement souvent ressenti et plus rarement exprim\u00e9 au sein des structures. En effet, les cadres pensent \u00e0 mettre en place des instances de r\u00e9gulation \u00e9motionnelle au profit de leurs \u00e9quipes et se trouvent souvent bien seuls face \u00e0 leurs propres difficult\u00e9s.<\/p>\n\n\n\n<p>En format individuel, je propose des s\u00e9ances d&#8217;1h en bilat\u00e9ral. C&#8217;est un outil essentiel de pr\u00e9vention des RPS (burn-out, \u00e9puisement professionnel, surmenage, maltraitance manag\u00e9riale subie ou occasionn\u00e9e). C&#8217;est aussi un espace pour appr\u00e9hender les relations cadres\/d\u00e9cideurs ainsi que les enjeux de gouvernance et de d\u00e9cision, dans un \u00e9change confidentiel, r\u00e9flexif et s\u00e9curis\u00e9. C&#8217;est un outil essentiel qui permet ainsi d&#8217;\u00e9viter le sentiment d&#8217;isolement et de solitude propre aux m\u00e9tiers de la d\u00e9cision et aux fonctions de directions.<\/p>\n\n\n\n<p>Pour les deux formats : afin d&#8217;assurer la continuit\u00e9 et la qualit\u00e9 des travaux men\u00e9s, les rendez-vous s&#8217;\u00e9talent mensuellement ou tous les 2 mois, sur une p\u00e9riode minimale d&#8217;un an. Les groupes constitu\u00e9s et le calendrier des interventions sont fix\u00e9s d\u00e8s la premi\u00e8re s\u00e9ance.<\/p>\n\n\n\n<p>N&#8217;h\u00e9sitez pas \u00e0 <a href=\"https:\/\/www.cabinet-jvl.fr\/site\/nous-contacter\/\">me contacter<\/a> pour \u00e9changer sur votre situation et solliciter un devis personnalis\u00e9. Vous pouvez \u00e9galement consulter <a href=\"https:\/\/www.cabinet-jvl.fr\/site\/code-de-deontologie-et-charte-ethique\/\">la charte de d\u00e9ontologie<\/a>.<\/p>\n\n\n\n<h2 class=\"wp-block-heading\">Voir aussi les pages consacr\u00e9es aux <a href=\"https:\/\/www.cabinet-jvl.fr\/site\/avancer-ensemble-supervision-pour-les-professionnels-de-laccompagnement\/\">supervisions<\/a> et <a href=\"https:\/\/www.cabinet-jvl.fr\/site\/avancer-ensemble-coaching\/\">coaching<\/a><\/h2>\n","protected":false},"excerpt":{"rendered":"<p>Je vous propose d&#8217;accompagner le regard que vous portez sur vos pratiques professionnelles de fa\u00e7on collective ou individuelle.<\/p>\n","protected":false},"author":1,"featured_media":1618,"parent":0,"menu_order":0,"comment_status":"closed","ping_status":"closed","template":"page-coaching.php","meta":{"footnotes":""},"class_list":["post-272","page","type-page","status-publish","has-post-thumbnail","hentry"],"yoast_head":"<!-- This site is optimized with the Yoast SEO plugin v23.6 - https:\/\/yoast.com\/wordpress\/plugins\/seo\/ -->\n<title>Avancer ensemble - Cabinet JVL<\/title>\n<meta name=\"robots\" content=\"index, follow, max-snippet:-1, max-image-preview:large, max-video-preview:-1\" \/>\n<link rel=\"canonical\" href=\"https:\/\/www.cabinet-jvl.fr\/site\/avancer-ensemble-groupes-danalyse-des-pratiques\/\" \/>\n<meta property=\"og:locale\" content=\"fr_FR\" \/>\n<meta property=\"og:type\" content=\"article\" \/>\n<meta property=\"og:title\" content=\"Avancer ensemble - Cabinet JVL\" \/>\n<meta property=\"og:description\" content=\"Je vous propose d&#8217;accompagner le regard que vous portez sur vos pratiques professionnelles de fa\u00e7on collective ou individuelle.\" \/>\n<meta property=\"og:url\" content=\"https:\/\/www.cabinet-jvl.fr\/site\/avancer-ensemble-groupes-danalyse-des-pratiques\/\" \/>\n<meta property=\"og:site_name\" content=\"Cabinet JVL\" \/>\n<meta property=\"article:publisher\" content=\"https:\/\/www.facebook.com\/CabinetJVL\" \/>\n<meta property=\"article:modified_time\" content=\"2025-10-27T09:21:26+00:00\" \/>\n<meta property=\"og:image\" content=\"https:\/\/www.cabinet-jvl.fr\/site\/wp-content\/uploads\/2025-02-28_Jerome_shooting_0275-Edit-scaled.jpg\" \/>\n\t<meta property=\"og:image:width\" content=\"2560\" \/>\n\t<meta property=\"og:image:height\" content=\"1707\" \/>\n\t<meta property=\"og:image:type\" content=\"image\/jpeg\" \/>\n<meta name=\"twitter:card\" content=\"summary_large_image\" \/>\n<meta name=\"twitter:site\" content=\"@lamethodejvl\" \/>\n<meta name=\"twitter:label1\" content=\"Dur\u00e9e de lecture estim\u00e9e\" \/>\n\t<meta name=\"twitter:data1\" content=\"4 minutes\" \/>\n<script type=\"application\/ld+json\" class=\"yoast-schema-graph\">{\"@context\":\"https:\/\/schema.org\",\"@graph\":[{\"@type\":\"WebPage\",\"@id\":\"https:\/\/www.cabinet-jvl.fr\/site\/avancer-ensemble-groupes-danalyse-des-pratiques\/\",\"url\":\"https:\/\/www.cabinet-jvl.fr\/site\/avancer-ensemble-groupes-danalyse-des-pratiques\/\",\"name\":\"Avancer ensemble - Cabinet JVL\",\"isPartOf\":{\"@id\":\"https:\/\/www.cabinet-jvl.fr\/site\/#website\"},\"primaryImageOfPage\":{\"@id\":\"https:\/\/www.cabinet-jvl.fr\/site\/avancer-ensemble-groupes-danalyse-des-pratiques\/#primaryimage\"},\"image\":{\"@id\":\"https:\/\/www.cabinet-jvl.fr\/site\/avancer-ensemble-groupes-danalyse-des-pratiques\/#primaryimage\"},\"thumbnailUrl\":\"https:\/\/www.cabinet-jvl.fr\/site\/wp-content\/uploads\/2025-02-28_Jerome_shooting_0275-Edit-scaled.jpg\",\"datePublished\":\"2022-07-25T13:25:21+00:00\",\"dateModified\":\"2025-10-27T09:21:26+00:00\",\"breadcrumb\":{\"@id\":\"https:\/\/www.cabinet-jvl.fr\/site\/avancer-ensemble-groupes-danalyse-des-pratiques\/#breadcrumb\"},\"inLanguage\":\"fr-FR\",\"potentialAction\":[{\"@type\":\"ReadAction\",\"target\":[\"https:\/\/www.cabinet-jvl.fr\/site\/avancer-ensemble-groupes-danalyse-des-pratiques\/\"]}]},{\"@type\":\"ImageObject\",\"inLanguage\":\"fr-FR\",\"@id\":\"https:\/\/www.cabinet-jvl.fr\/site\/avancer-ensemble-groupes-danalyse-des-pratiques\/#primaryimage\",\"url\":\"https:\/\/www.cabinet-jvl.fr\/site\/wp-content\/uploads\/2025-02-28_Jerome_shooting_0275-Edit-scaled.jpg\",\"contentUrl\":\"https:\/\/www.cabinet-jvl.fr\/site\/wp-content\/uploads\/2025-02-28_Jerome_shooting_0275-Edit-scaled.jpg\",\"width\":2560,\"height\":1707,\"caption\":\"Romain Jacquot\"},{\"@type\":\"BreadcrumbList\",\"@id\":\"https:\/\/www.cabinet-jvl.fr\/site\/avancer-ensemble-groupes-danalyse-des-pratiques\/#breadcrumb\",\"itemListElement\":[{\"@type\":\"ListItem\",\"position\":1,\"name\":\"Accueil\",\"item\":\"https:\/\/www.cabinet-jvl.fr\/site\/\"},{\"@type\":\"ListItem\",\"position\":2,\"name\":\"Avancer ensemble\"}]},{\"@type\":\"WebSite\",\"@id\":\"https:\/\/www.cabinet-jvl.fr\/site\/#website\",\"url\":\"https:\/\/www.cabinet-jvl.fr\/site\/\",\"name\":\"Cabinet JVL\",\"description\":\"J\u00e9r\u00f4me Valentin-L\u00e9autaud, Th\u00e9rapeute Consultant et Formateur \u00e0 Nice\",\"publisher\":{\"@id\":\"https:\/\/www.cabinet-jvl.fr\/site\/#organization\"},\"potentialAction\":[{\"@type\":\"SearchAction\",\"target\":{\"@type\":\"EntryPoint\",\"urlTemplate\":\"https:\/\/www.cabinet-jvl.fr\/site\/?s={search_term_string}\"},\"query-input\":{\"@type\":\"PropertyValueSpecification\",\"valueRequired\":true,\"valueName\":\"search_term_string\"}}],\"inLanguage\":\"fr-FR\"},{\"@type\":\"Organization\",\"@id\":\"https:\/\/www.cabinet-jvl.fr\/site\/#organization\",\"name\":\"Cabinet J\u00e9r\u00f4me Valentin-L\u00e9autaud\",\"url\":\"https:\/\/www.cabinet-jvl.fr\/site\/\",\"logo\":{\"@type\":\"ImageObject\",\"inLanguage\":\"fr-FR\",\"@id\":\"https:\/\/www.cabinet-jvl.fr\/site\/#\/schema\/logo\/image\/\",\"url\":\"https:\/\/www.cabinet-jvl.fr\/site\/wp-content\/uploads\/logo-cabinet-jvl-s.png\",\"contentUrl\":\"https:\/\/www.cabinet-jvl.fr\/site\/wp-content\/uploads\/logo-cabinet-jvl-s.png\",\"width\":1044,\"height\":638,\"caption\":\"Cabinet J\u00e9r\u00f4me Valentin-L\u00e9autaud\"},\"image\":{\"@id\":\"https:\/\/www.cabinet-jvl.fr\/site\/#\/schema\/logo\/image\/\"},\"sameAs\":[\"https:\/\/www.facebook.com\/CabinetJVL\",\"https:\/\/x.com\/lamethodejvl\"]}]}<\/script>\n<!-- \/ Yoast SEO plugin. -->","yoast_head_json":{"title":"Avancer ensemble - Cabinet JVL","robots":{"index":"index","follow":"follow","max-snippet":"max-snippet:-1","max-image-preview":"max-image-preview:large","max-video-preview":"max-video-preview:-1"},"canonical":"https:\/\/www.cabinet-jvl.fr\/site\/avancer-ensemble-groupes-danalyse-des-pratiques\/","og_locale":"fr_FR","og_type":"article","og_title":"Avancer ensemble - Cabinet JVL","og_description":"Je vous propose d&#8217;accompagner le regard que vous portez sur vos pratiques professionnelles de fa\u00e7on collective ou individuelle.","og_url":"https:\/\/www.cabinet-jvl.fr\/site\/avancer-ensemble-groupes-danalyse-des-pratiques\/","og_site_name":"Cabinet JVL","article_publisher":"https:\/\/www.facebook.com\/CabinetJVL","article_modified_time":"2025-10-27T09:21:26+00:00","og_image":[{"width":2560,"height":1707,"url":"https:\/\/www.cabinet-jvl.fr\/site\/wp-content\/uploads\/2025-02-28_Jerome_shooting_0275-Edit-scaled.jpg","type":"image\/jpeg"}],"twitter_card":"summary_large_image","twitter_site":"@lamethodejvl","twitter_misc":{"Dur\u00e9e de lecture estim\u00e9e":"4 minutes"},"schema":{"@context":"https:\/\/schema.org","@graph":[{"@type":"WebPage","@id":"https:\/\/www.cabinet-jvl.fr\/site\/avancer-ensemble-groupes-danalyse-des-pratiques\/","url":"https:\/\/www.cabinet-jvl.fr\/site\/avancer-ensemble-groupes-danalyse-des-pratiques\/","name":"Avancer ensemble - Cabinet JVL","isPartOf":{"@id":"https:\/\/www.cabinet-jvl.fr\/site\/#website"},"primaryImageOfPage":{"@id":"https:\/\/www.cabinet-jvl.fr\/site\/avancer-ensemble-groupes-danalyse-des-pratiques\/#primaryimage"},"image":{"@id":"https:\/\/www.cabinet-jvl.fr\/site\/avancer-ensemble-groupes-danalyse-des-pratiques\/#primaryimage"},"thumbnailUrl":"https:\/\/www.cabinet-jvl.fr\/site\/wp-content\/uploads\/2025-02-28_Jerome_shooting_0275-Edit-scaled.jpg","datePublished":"2022-07-25T13:25:21+00:00","dateModified":"2025-10-27T09:21:26+00:00","breadcrumb":{"@id":"https:\/\/www.cabinet-jvl.fr\/site\/avancer-ensemble-groupes-danalyse-des-pratiques\/#breadcrumb"},"inLanguage":"fr-FR","potentialAction":[{"@type":"ReadAction","target":["https:\/\/www.cabinet-jvl.fr\/site\/avancer-ensemble-groupes-danalyse-des-pratiques\/"]}]},{"@type":"ImageObject","inLanguage":"fr-FR","@id":"https:\/\/www.cabinet-jvl.fr\/site\/avancer-ensemble-groupes-danalyse-des-pratiques\/#primaryimage","url":"https:\/\/www.cabinet-jvl.fr\/site\/wp-content\/uploads\/2025-02-28_Jerome_shooting_0275-Edit-scaled.jpg","contentUrl":"https:\/\/www.cabinet-jvl.fr\/site\/wp-content\/uploads\/2025-02-28_Jerome_shooting_0275-Edit-scaled.jpg","width":2560,"height":1707,"caption":"Romain Jacquot"},{"@type":"BreadcrumbList","@id":"https:\/\/www.cabinet-jvl.fr\/site\/avancer-ensemble-groupes-danalyse-des-pratiques\/#breadcrumb","itemListElement":[{"@type":"ListItem","position":1,"name":"Accueil","item":"https:\/\/www.cabinet-jvl.fr\/site\/"},{"@type":"ListItem","position":2,"name":"Avancer ensemble"}]},{"@type":"WebSite","@id":"https:\/\/www.cabinet-jvl.fr\/site\/#website","url":"https:\/\/www.cabinet-jvl.fr\/site\/","name":"Cabinet JVL","description":"J\u00e9r\u00f4me Valentin-L\u00e9autaud, Th\u00e9rapeute Consultant et Formateur \u00e0 Nice","publisher":{"@id":"https:\/\/www.cabinet-jvl.fr\/site\/#organization"},"potentialAction":[{"@type":"SearchAction","target":{"@type":"EntryPoint","urlTemplate":"https:\/\/www.cabinet-jvl.fr\/site\/?s={search_term_string}"},"query-input":{"@type":"PropertyValueSpecification","valueRequired":true,"valueName":"search_term_string"}}],"inLanguage":"fr-FR"},{"@type":"Organization","@id":"https:\/\/www.cabinet-jvl.fr\/site\/#organization","name":"Cabinet J\u00e9r\u00f4me Valentin-L\u00e9autaud","url":"https:\/\/www.cabinet-jvl.fr\/site\/","logo":{"@type":"ImageObject","inLanguage":"fr-FR","@id":"https:\/\/www.cabinet-jvl.fr\/site\/#\/schema\/logo\/image\/","url":"https:\/\/www.cabinet-jvl.fr\/site\/wp-content\/uploads\/logo-cabinet-jvl-s.png","contentUrl":"https:\/\/www.cabinet-jvl.fr\/site\/wp-content\/uploads\/logo-cabinet-jvl-s.png","width":1044,"height":638,"caption":"Cabinet J\u00e9r\u00f4me Valentin-L\u00e9autaud"},"image":{"@id":"https:\/\/www.cabinet-jvl.fr\/site\/#\/schema\/logo\/image\/"},"sameAs":["https:\/\/www.facebook.com\/CabinetJVL","https:\/\/x.com\/lamethodejvl"]}]}},"_links":{"self":[{"href":"https:\/\/www.cabinet-jvl.fr\/site\/wp-json\/wp\/v2\/pages\/272","targetHints":{"allow":["GET"]}}],"collection":[{"href":"https:\/\/www.cabinet-jvl.fr\/site\/wp-json\/wp\/v2\/pages"}],"about":[{"href":"https:\/\/www.cabinet-jvl.fr\/site\/wp-json\/wp\/v2\/types\/page"}],"author":[{"embeddable":true,"href":"https:\/\/www.cabinet-jvl.fr\/site\/wp-json\/wp\/v2\/users\/1"}],"replies":[{"embeddable":true,"href":"https:\/\/www.cabinet-jvl.fr\/site\/wp-json\/wp\/v2\/comments?post=272"}],"version-history":[{"count":21,"href":"https:\/\/www.cabinet-jvl.fr\/site\/wp-json\/wp\/v2\/pages\/272\/revisions"}],"predecessor-version":[{"id":1801,"href":"https:\/\/www.cabinet-jvl.fr\/site\/wp-json\/wp\/v2\/pages\/272\/revisions\/1801"}],"wp:featuredmedia":[{"embeddable":true,"href":"https:\/\/www.cabinet-jvl.fr\/site\/wp-json\/wp\/v2\/media\/1618"}],"wp:attachment":[{"href":"https:\/\/www.cabinet-jvl.fr\/site\/wp-json\/wp\/v2\/media?parent=272"}],"curies":[{"name":"wp","href":"https:\/\/api.w.org\/{rel}","templated":true}]}}