{"id":1413,"date":"2024-08-29T10:04:03","date_gmt":"2024-08-29T08:04:03","guid":{"rendered":"https:\/\/www.cabinet-jvl.fr\/site\/?page_id=1413"},"modified":"2025-10-27T11:27:02","modified_gmt":"2025-10-27T09:27:02","slug":"avancer-ensemble-coaching","status":"publish","type":"page","link":"https:\/\/www.cabinet-jvl.fr\/site\/avancer-ensemble-coaching\/","title":{"rendered":"Coaching : faire \u00e9voluer &#8220;l&#8217;\u00eatre professionnel&#8221; tout au long de sa vie"},"content":{"rendered":"\n<p>Dans une d\u00e9marche individuelle ou collective, profond\u00e9ment dynamique et stimulante, je vous accompagne dans la construction de vos projets personnels et\/ou professionnels. Se mobiliser, d\u00e9velopper une strat\u00e9gie, trouver ou retrouver l&#8217;\u00e9nergie de changer, d&#8217;\u00e9voluer, de produire, de construire la suite, le tout dans une approche r\u00e9solument positive et profond\u00e9ment humaine.<\/p>\n\n\n\n<!--more-->\n\n\n\n<h2 class=\"wp-block-heading\" id=\"une-methode-sur-mesure\"><strong>Un accompagnement personnalis\u00e9<\/strong><\/h2>\n\n\n\n<p>Je vous accompagne dans une d\u00e9marche de coaching adapt\u00e9e, ancr\u00e9e dans une approche syst\u00e9mique, conversationnelle et narrative. Le coaching que je propose se r\u00e9v\u00e8le \u00eatre un v\u00e9ritable outil d&#8217;appui pour toute personne \u2014 professionnel\u00b7le, \u00e9tudiant\u00b7e, retrait\u00e9\u00b7e ou autre \u2014 d\u00e9sireuse de dynamiser et concilier ses projets, ses ambitions et sa vie, de d\u00e9velopper sa cr\u00e9ativit\u00e9 et sa performance, dans une vision r\u00e9solument tourn\u00e9e vers l&#8217;avenir.<\/p>\n\n\n\n<p>Mon approche int\u00e8gre le questionnement strat\u00e9gique et les approches narratives pour vous permettre d&#8217;explorer vos ressources, de comprendre les dynamiques en jeu et de construire les r\u00e9cits de votre futur.<\/p>\n\n\n\n<h2 class=\"wp-block-heading\"><strong>Les fondements de ma pratique<\/strong><\/h2>\n\n\n\n<p>Mon approche du coaching repose sur plusieurs principes :<\/p>\n\n\n\n<ul class=\"wp-block-list\">\n<li>Les r\u00e9ponses et leviers de r\u00e9solution des difficult\u00e9s sont propres \u00e0 chaque personne et chaque organisation. Je n&#8217;apporte pas de solution toute faite, mais j&#8217;accompagne le cheminement et les explorations qui m\u00e8nent \u00e0 une solution viable et p\u00e9renne.<\/li>\n\n\n\n<li>Chaque personne (comme chaque organisation) est un syst\u00e8me complexe qui vise sa p\u00e9rennit\u00e9 et doit s&#8217;adapter en permanence, notamment en analysant ses exp\u00e9riences pass\u00e9es, en d\u00e9veloppant sa cr\u00e9ativit\u00e9 et sa capacit\u00e9 de projection dans le futur.<\/li>\n\n\n\n<li>Le sens est la cl\u00e9 de vo\u00fbte de la d\u00e9marche de coaching. Il s&#8217;agit de trouver et d&#8217;injecter du sens dans votre d\u00e9marche.<\/li>\n\n\n\n<li>Vous \u00eates une entit\u00e9 en mouvement permanent, int\u00e9grant contradictions, confrontations, r\u00eaves, utopies&#8230; Il s&#8217;agit donc de produire un juste \u00e9quilibre entre des forces qui semblent parfois contradictoires et de cr\u00e9er des synergies positives.<\/li>\n<\/ul>\n\n\n\n<blockquote class=\"wp-block-quote is-layout-flow wp-block-quote-is-layout-flow\">\n<p><strong><em>\u00ab Le secret du changement c&#8217;est de concentrer toute son \u00e9nergie non pas \u00e0 lutter contre le pass\u00e9, mais \u00e0 construire l&#8217;avenir. \u00bb<\/em><\/strong><br><strong>Socrate<\/strong><\/p>\n<\/blockquote>\n\n\n\n<h2 class=\"wp-block-heading\"><strong>Pr\u00e9paration mentale : lib\u00e9rer le potentiel<\/strong><\/h2>\n\n\n\n<p>La performance et l&#8217;excellence ne se rencontrent pas uniquement chez les cadres dirigeants. Mon parcours m&#8217;a conduit \u00e0 accompagner des sportifs, musiciens, artistes ou com\u00e9diens visant \u00e0 exceller dans leur domaine et lib\u00e9rer leurs potentiels.<\/p>\n\n\n\n<p>Je travaille sur tous les leviers, les freins et les blocages \u00e0 la r\u00e9alisation de vos objectifs : comp\u00e9titions, concerts, repr\u00e9sentations publiques, expositions, examens, concours&#8230; Autant d&#8217;occasions de renforcer votre engagement, votre cr\u00e9ativit\u00e9, votre d\u00e9termination \u00e0 r\u00e9ussir, votre focalisation, votre concentration, votre gestion des \u00e9motions avant, pendant et apr\u00e8s. Cela peut \u00e9galement am\u00e9liorer la pr\u00e9cision, l&#8217;attention, la rigueur, la r\u00e9activit\u00e9, le plaisir, l&#8217;imagination, l&#8217;inspiration.<\/p>\n\n\n\n<p>Je propose des interventions en pr\u00e9sentiel (y compris sur le terrain) et\/ou \u00e0 distance, pour vous, votre \u00e9quipe, votre club ou votre groupe.<\/p>\n\n\n\n<h2 class=\"wp-block-heading\"><strong>Format des s\u00e9ances<\/strong><\/h2>\n\n\n\n<h3 class=\"wp-block-heading\"><strong>En individuel<\/strong><\/h3>\n\n\n\n<p>S\u00e9ances d&#8217;une heure, \u00e0 rythme r\u00e9gulier et en fonction de vos besoins. Selon la d\u00e9marche et les exercices, les s\u00e9ances peuvent se d\u00e9rouler dans divers lieux adapt\u00e9s \u00e0 la situation. Un bilan initial est \u00e9tabli pour ensuite envisager un plan d&#8217;action faisant \u00e9cho aux objectifs d\u00e9finis.<\/p>\n\n\n\n<h3 class=\"wp-block-heading\"><strong>En collectif<\/strong><\/h3>\n\n\n\n<p>Les situations \u00e9tant diverses, je vous invite \u00e0 prendre contact avec moi : \u00e0 la suite de notre \u00e9change, je pourrai vous proposer l&#8217;\u00e9tablissement d&#8217;un devis sur mesure.<\/p>\n\n\n\n<p>N&#8217;h\u00e9sitez pas \u00e0 <a href=\"https:\/\/www.cabinet-jvl.fr\/site\/nous-contacter\/\">me contacter<\/a> pour \u00e9changer sur votre situation. Vous pouvez \u00e9galement consulter la charte de d\u00e9ontologie.<\/p>\n\n\n\n<figure class=\"wp-block-image size-large\"><img loading=\"lazy\" decoding=\"async\" width=\"1024\" height=\"1024\" src=\"https:\/\/www.cabinet-jvl.fr\/site\/wp-content\/uploads\/CabinetJVL-Illustration-Equipe-1024x1024.png\" alt=\"\" class=\"wp-image-349\" srcset=\"https:\/\/www.cabinet-jvl.fr\/site\/wp-content\/uploads\/CabinetJVL-Illustration-Equipe-1024x1024.png 1024w, https:\/\/www.cabinet-jvl.fr\/site\/wp-content\/uploads\/CabinetJVL-Illustration-Equipe-300x300.png 300w, https:\/\/www.cabinet-jvl.fr\/site\/wp-content\/uploads\/CabinetJVL-Illustration-Equipe-100x100.png 100w, https:\/\/www.cabinet-jvl.fr\/site\/wp-content\/uploads\/CabinetJVL-Illustration-Equipe-600x600.png 600w, https:\/\/www.cabinet-jvl.fr\/site\/wp-content\/uploads\/CabinetJVL-Illustration-Equipe-150x150.png 150w, https:\/\/www.cabinet-jvl.fr\/site\/wp-content\/uploads\/CabinetJVL-Illustration-Equipe-768x768.png 768w, https:\/\/www.cabinet-jvl.fr\/site\/wp-content\/uploads\/CabinetJVL-Illustration-Equipe.png 1080w\" sizes=\"auto, (max-width: 1024px) 100vw, 1024px\" \/><figcaption class=\"wp-element-caption\">Accompagnement au changement qui int\u00e8gre, outre une parole libre, des \u00e9l\u00e9ments de psycho-\u00e9ducation, de communication interpersonnelle et de syst\u00e9mie relationnelle &#8211; Photo Cabinet JVL<\/figcaption><\/figure>\n\n\n\n<h2 class=\"wp-block-heading\">Voir aussi les pages consacr\u00e9es aux&nbsp;<a href=\"https:\/\/www.cabinet-jvl.fr\/site\/avancer-ensemble-supervision-pour-les-professionnels-de-laccompagnement\/\">supervisions<\/a>&nbsp;et&nbsp;<a href=\"https:\/\/www.cabinet-jvl.fr\/site\/avancer-ensemble-groupes-danalyse-des-pratiques\/\">analyses des pratiques<\/a><\/h2>\n","protected":false},"excerpt":{"rendered":"<p>Dans une d\u00e9marche individuelle ou collective, profond\u00e9ment dynamique et stimulante, je vous accompagne dans la construction de vos projets personnels et\/ou professionnels. Se mobiliser, d\u00e9velopper une strat\u00e9gie, trouver ou retrouver l&#8217;\u00e9nergie de changer, d&#8217;\u00e9voluer, de produire, de construire la suite, le tout dans une approche r\u00e9solument positive et profond\u00e9ment humaine.<\/p>\n","protected":false},"author":1,"featured_media":1612,"parent":0,"menu_order":0,"comment_status":"closed","ping_status":"closed","template":"page-coaching.php","meta":{"footnotes":""},"class_list":["post-1413","page","type-page","status-publish","has-post-thumbnail","hentry"],"yoast_head":"<!-- This site is optimized with the Yoast SEO plugin v23.6 - https:\/\/yoast.com\/wordpress\/plugins\/seo\/ -->\n<title>Coaching : faire \u00e9voluer &quot;l&#039;\u00eatre professionnel&quot; tout au long de sa vie - Cabinet JVL<\/title>\n<meta name=\"robots\" content=\"index, follow, max-snippet:-1, max-image-preview:large, max-video-preview:-1\" \/>\n<link rel=\"canonical\" href=\"https:\/\/www.cabinet-jvl.fr\/site\/avancer-ensemble-coaching\/\" \/>\n<meta property=\"og:locale\" content=\"fr_FR\" \/>\n<meta property=\"og:type\" content=\"article\" \/>\n<meta property=\"og:title\" content=\"Coaching : faire \u00e9voluer &quot;l&#039;\u00eatre professionnel&quot; tout au long de sa vie - Cabinet JVL\" \/>\n<meta property=\"og:description\" content=\"Dans une d\u00e9marche individuelle ou collective, profond\u00e9ment dynamique et stimulante, je vous accompagne dans la construction de vos projets personnels et\/ou professionnels. Se mobiliser, d\u00e9velopper une strat\u00e9gie, trouver ou retrouver l&#8217;\u00e9nergie de changer, d&#8217;\u00e9voluer, de produire, de construire la suite, le tout dans une approche r\u00e9solument positive et profond\u00e9ment humaine.\" \/>\n<meta property=\"og:url\" content=\"https:\/\/www.cabinet-jvl.fr\/site\/avancer-ensemble-coaching\/\" \/>\n<meta property=\"og:site_name\" content=\"Cabinet JVL\" \/>\n<meta property=\"article:publisher\" content=\"https:\/\/www.facebook.com\/CabinetJVL\" \/>\n<meta property=\"article:modified_time\" content=\"2025-10-27T09:27:02+00:00\" \/>\n<meta property=\"og:image\" content=\"https:\/\/www.cabinet-jvl.fr\/site\/wp-content\/uploads\/2025-02-28_Jerome_shooting_0248-scaled.jpg\" \/>\n\t<meta property=\"og:image:width\" content=\"1707\" \/>\n\t<meta property=\"og:image:height\" content=\"2560\" \/>\n\t<meta property=\"og:image:type\" content=\"image\/jpeg\" \/>\n<meta name=\"twitter:card\" content=\"summary_large_image\" \/>\n<meta name=\"twitter:site\" content=\"@lamethodejvl\" \/>\n<meta name=\"twitter:label1\" content=\"Dur\u00e9e de lecture estim\u00e9e\" \/>\n\t<meta name=\"twitter:data1\" content=\"4 minutes\" \/>\n<script type=\"application\/ld+json\" class=\"yoast-schema-graph\">{\"@context\":\"https:\/\/schema.org\",\"@graph\":[{\"@type\":\"WebPage\",\"@id\":\"https:\/\/www.cabinet-jvl.fr\/site\/avancer-ensemble-coaching\/\",\"url\":\"https:\/\/www.cabinet-jvl.fr\/site\/avancer-ensemble-coaching\/\",\"name\":\"Coaching : faire \u00e9voluer \\\"l'\u00eatre professionnel\\\" tout au long de sa vie - Cabinet JVL\",\"isPartOf\":{\"@id\":\"https:\/\/www.cabinet-jvl.fr\/site\/#website\"},\"primaryImageOfPage\":{\"@id\":\"https:\/\/www.cabinet-jvl.fr\/site\/avancer-ensemble-coaching\/#primaryimage\"},\"image\":{\"@id\":\"https:\/\/www.cabinet-jvl.fr\/site\/avancer-ensemble-coaching\/#primaryimage\"},\"thumbnailUrl\":\"https:\/\/www.cabinet-jvl.fr\/site\/wp-content\/uploads\/2025-02-28_Jerome_shooting_0248-scaled.jpg\",\"datePublished\":\"2024-08-29T08:04:03+00:00\",\"dateModified\":\"2025-10-27T09:27:02+00:00\",\"breadcrumb\":{\"@id\":\"https:\/\/www.cabinet-jvl.fr\/site\/avancer-ensemble-coaching\/#breadcrumb\"},\"inLanguage\":\"fr-FR\",\"potentialAction\":[{\"@type\":\"ReadAction\",\"target\":[\"https:\/\/www.cabinet-jvl.fr\/site\/avancer-ensemble-coaching\/\"]}]},{\"@type\":\"ImageObject\",\"inLanguage\":\"fr-FR\",\"@id\":\"https:\/\/www.cabinet-jvl.fr\/site\/avancer-ensemble-coaching\/#primaryimage\",\"url\":\"https:\/\/www.cabinet-jvl.fr\/site\/wp-content\/uploads\/2025-02-28_Jerome_shooting_0248-scaled.jpg\",\"contentUrl\":\"https:\/\/www.cabinet-jvl.fr\/site\/wp-content\/uploads\/2025-02-28_Jerome_shooting_0248-scaled.jpg\",\"width\":1707,\"height\":2560,\"caption\":\"Romain Jacquot\"},{\"@type\":\"BreadcrumbList\",\"@id\":\"https:\/\/www.cabinet-jvl.fr\/site\/avancer-ensemble-coaching\/#breadcrumb\",\"itemListElement\":[{\"@type\":\"ListItem\",\"position\":1,\"name\":\"Accueil\",\"item\":\"https:\/\/www.cabinet-jvl.fr\/site\/\"},{\"@type\":\"ListItem\",\"position\":2,\"name\":\"Coaching : faire \u00e9voluer &#8220;l&#8217;\u00eatre professionnel&#8221; tout au long de sa vie\"}]},{\"@type\":\"WebSite\",\"@id\":\"https:\/\/www.cabinet-jvl.fr\/site\/#website\",\"url\":\"https:\/\/www.cabinet-jvl.fr\/site\/\",\"name\":\"Cabinet JVL\",\"description\":\"J\u00e9r\u00f4me Valentin-L\u00e9autaud, Th\u00e9rapeute Consultant et Formateur \u00e0 Nice\",\"publisher\":{\"@id\":\"https:\/\/www.cabinet-jvl.fr\/site\/#organization\"},\"potentialAction\":[{\"@type\":\"SearchAction\",\"target\":{\"@type\":\"EntryPoint\",\"urlTemplate\":\"https:\/\/www.cabinet-jvl.fr\/site\/?s={search_term_string}\"},\"query-input\":{\"@type\":\"PropertyValueSpecification\",\"valueRequired\":true,\"valueName\":\"search_term_string\"}}],\"inLanguage\":\"fr-FR\"},{\"@type\":\"Organization\",\"@id\":\"https:\/\/www.cabinet-jvl.fr\/site\/#organization\",\"name\":\"Cabinet J\u00e9r\u00f4me Valentin-L\u00e9autaud\",\"url\":\"https:\/\/www.cabinet-jvl.fr\/site\/\",\"logo\":{\"@type\":\"ImageObject\",\"inLanguage\":\"fr-FR\",\"@id\":\"https:\/\/www.cabinet-jvl.fr\/site\/#\/schema\/logo\/image\/\",\"url\":\"https:\/\/www.cabinet-jvl.fr\/site\/wp-content\/uploads\/logo-cabinet-jvl-s.png\",\"contentUrl\":\"https:\/\/www.cabinet-jvl.fr\/site\/wp-content\/uploads\/logo-cabinet-jvl-s.png\",\"width\":1044,\"height\":638,\"caption\":\"Cabinet J\u00e9r\u00f4me Valentin-L\u00e9autaud\"},\"image\":{\"@id\":\"https:\/\/www.cabinet-jvl.fr\/site\/#\/schema\/logo\/image\/\"},\"sameAs\":[\"https:\/\/www.facebook.com\/CabinetJVL\",\"https:\/\/x.com\/lamethodejvl\"]}]}<\/script>\n<!-- \/ Yoast SEO plugin. -->","yoast_head_json":{"title":"Coaching : faire \u00e9voluer \"l'\u00eatre professionnel\" tout au long de sa vie - Cabinet JVL","robots":{"index":"index","follow":"follow","max-snippet":"max-snippet:-1","max-image-preview":"max-image-preview:large","max-video-preview":"max-video-preview:-1"},"canonical":"https:\/\/www.cabinet-jvl.fr\/site\/avancer-ensemble-coaching\/","og_locale":"fr_FR","og_type":"article","og_title":"Coaching : faire \u00e9voluer \"l'\u00eatre professionnel\" tout au long de sa vie - Cabinet JVL","og_description":"Dans une d\u00e9marche individuelle ou collective, profond\u00e9ment dynamique et stimulante, je vous accompagne dans la construction de vos projets personnels et\/ou professionnels. Se mobiliser, d\u00e9velopper une strat\u00e9gie, trouver ou retrouver l&#8217;\u00e9nergie de changer, d&#8217;\u00e9voluer, de produire, de construire la suite, le tout dans une approche r\u00e9solument positive et profond\u00e9ment humaine.","og_url":"https:\/\/www.cabinet-jvl.fr\/site\/avancer-ensemble-coaching\/","og_site_name":"Cabinet JVL","article_publisher":"https:\/\/www.facebook.com\/CabinetJVL","article_modified_time":"2025-10-27T09:27:02+00:00","og_image":[{"width":1707,"height":2560,"url":"https:\/\/www.cabinet-jvl.fr\/site\/wp-content\/uploads\/2025-02-28_Jerome_shooting_0248-scaled.jpg","type":"image\/jpeg"}],"twitter_card":"summary_large_image","twitter_site":"@lamethodejvl","twitter_misc":{"Dur\u00e9e de lecture estim\u00e9e":"4 minutes"},"schema":{"@context":"https:\/\/schema.org","@graph":[{"@type":"WebPage","@id":"https:\/\/www.cabinet-jvl.fr\/site\/avancer-ensemble-coaching\/","url":"https:\/\/www.cabinet-jvl.fr\/site\/avancer-ensemble-coaching\/","name":"Coaching : faire \u00e9voluer \"l'\u00eatre professionnel\" tout au long de sa vie - Cabinet JVL","isPartOf":{"@id":"https:\/\/www.cabinet-jvl.fr\/site\/#website"},"primaryImageOfPage":{"@id":"https:\/\/www.cabinet-jvl.fr\/site\/avancer-ensemble-coaching\/#primaryimage"},"image":{"@id":"https:\/\/www.cabinet-jvl.fr\/site\/avancer-ensemble-coaching\/#primaryimage"},"thumbnailUrl":"https:\/\/www.cabinet-jvl.fr\/site\/wp-content\/uploads\/2025-02-28_Jerome_shooting_0248-scaled.jpg","datePublished":"2024-08-29T08:04:03+00:00","dateModified":"2025-10-27T09:27:02+00:00","breadcrumb":{"@id":"https:\/\/www.cabinet-jvl.fr\/site\/avancer-ensemble-coaching\/#breadcrumb"},"inLanguage":"fr-FR","potentialAction":[{"@type":"ReadAction","target":["https:\/\/www.cabinet-jvl.fr\/site\/avancer-ensemble-coaching\/"]}]},{"@type":"ImageObject","inLanguage":"fr-FR","@id":"https:\/\/www.cabinet-jvl.fr\/site\/avancer-ensemble-coaching\/#primaryimage","url":"https:\/\/www.cabinet-jvl.fr\/site\/wp-content\/uploads\/2025-02-28_Jerome_shooting_0248-scaled.jpg","contentUrl":"https:\/\/www.cabinet-jvl.fr\/site\/wp-content\/uploads\/2025-02-28_Jerome_shooting_0248-scaled.jpg","width":1707,"height":2560,"caption":"Romain Jacquot"},{"@type":"BreadcrumbList","@id":"https:\/\/www.cabinet-jvl.fr\/site\/avancer-ensemble-coaching\/#breadcrumb","itemListElement":[{"@type":"ListItem","position":1,"name":"Accueil","item":"https:\/\/www.cabinet-jvl.fr\/site\/"},{"@type":"ListItem","position":2,"name":"Coaching : faire \u00e9voluer &#8220;l&#8217;\u00eatre professionnel&#8221; tout au long de sa vie"}]},{"@type":"WebSite","@id":"https:\/\/www.cabinet-jvl.fr\/site\/#website","url":"https:\/\/www.cabinet-jvl.fr\/site\/","name":"Cabinet JVL","description":"J\u00e9r\u00f4me Valentin-L\u00e9autaud, Th\u00e9rapeute Consultant et Formateur \u00e0 Nice","publisher":{"@id":"https:\/\/www.cabinet-jvl.fr\/site\/#organization"},"potentialAction":[{"@type":"SearchAction","target":{"@type":"EntryPoint","urlTemplate":"https:\/\/www.cabinet-jvl.fr\/site\/?s={search_term_string}"},"query-input":{"@type":"PropertyValueSpecification","valueRequired":true,"valueName":"search_term_string"}}],"inLanguage":"fr-FR"},{"@type":"Organization","@id":"https:\/\/www.cabinet-jvl.fr\/site\/#organization","name":"Cabinet J\u00e9r\u00f4me Valentin-L\u00e9autaud","url":"https:\/\/www.cabinet-jvl.fr\/site\/","logo":{"@type":"ImageObject","inLanguage":"fr-FR","@id":"https:\/\/www.cabinet-jvl.fr\/site\/#\/schema\/logo\/image\/","url":"https:\/\/www.cabinet-jvl.fr\/site\/wp-content\/uploads\/logo-cabinet-jvl-s.png","contentUrl":"https:\/\/www.cabinet-jvl.fr\/site\/wp-content\/uploads\/logo-cabinet-jvl-s.png","width":1044,"height":638,"caption":"Cabinet J\u00e9r\u00f4me Valentin-L\u00e9autaud"},"image":{"@id":"https:\/\/www.cabinet-jvl.fr\/site\/#\/schema\/logo\/image\/"},"sameAs":["https:\/\/www.facebook.com\/CabinetJVL","https:\/\/x.com\/lamethodejvl"]}]}},"_links":{"self":[{"href":"https:\/\/www.cabinet-jvl.fr\/site\/wp-json\/wp\/v2\/pages\/1413","targetHints":{"allow":["GET"]}}],"collection":[{"href":"https:\/\/www.cabinet-jvl.fr\/site\/wp-json\/wp\/v2\/pages"}],"about":[{"href":"https:\/\/www.cabinet-jvl.fr\/site\/wp-json\/wp\/v2\/types\/page"}],"author":[{"embeddable":true,"href":"https:\/\/www.cabinet-jvl.fr\/site\/wp-json\/wp\/v2\/users\/1"}],"replies":[{"embeddable":true,"href":"https:\/\/www.cabinet-jvl.fr\/site\/wp-json\/wp\/v2\/comments?post=1413"}],"version-history":[{"count":7,"href":"https:\/\/www.cabinet-jvl.fr\/site\/wp-json\/wp\/v2\/pages\/1413\/revisions"}],"predecessor-version":[{"id":1804,"href":"https:\/\/www.cabinet-jvl.fr\/site\/wp-json\/wp\/v2\/pages\/1413\/revisions\/1804"}],"wp:featuredmedia":[{"embeddable":true,"href":"https:\/\/www.cabinet-jvl.fr\/site\/wp-json\/wp\/v2\/media\/1612"}],"wp:attachment":[{"href":"https:\/\/www.cabinet-jvl.fr\/site\/wp-json\/wp\/v2\/media?parent=1413"}],"curies":[{"name":"wp","href":"https:\/\/api.w.org\/{rel}","templated":true}]}}