{"id":130,"date":"2022-06-23T04:40:06","date_gmt":"2022-06-23T04:40:06","guid":{"rendered":"https:\/\/www.cabinet-jvl.fr\/site\/?page_id=130"},"modified":"2025-10-27T10:50:47","modified_gmt":"2025-10-27T08:50:47","slug":"consulting-construire-avec-vous","status":"publish","type":"page","link":"https:\/\/www.cabinet-jvl.fr\/site\/consulting-construire-avec-vous\/","title":{"rendered":"Consulting : accompagner les organisations dans leurs transformations"},"content":{"rendered":"\n<p>Fort d&#8217;une expertise dans le management de projets complexes pour collectivit\u00e9s, universit\u00e9s, services d\u00e9concentr\u00e9s de l&#8217;\u00c9tat, associations, \u00c9tablissements Publics de Coop\u00e9ration Intercommunale (CCAS, Intercommunalit\u00e9s) et entreprises priv\u00e9es, je vous propose dans <strong>une approche int\u00e9grative et sur mesure<\/strong> un accompagnement ajust\u00e9 \u00e0 votre contexte qui construit et organise votre efficacit\u00e9, tant d&#8217;un point de vue humain que structurel.<\/p>\n\n\n\n<p>La d\u00e9marche int\u00e8gre toutes les dimensions psycho-organisationnelles (dynamiques psycho-sociales, relationnelles, syst\u00e9miques&#8230;) et se d\u00e9cline selon deux axes compl\u00e9mentaires : le conseil et l&#8217;aide \u00e0 la d\u00e9cision d&#8217;une part, l&#8217;accompagnement au d\u00e9ploiement d&#8217;autre part.<\/p>\n\n\n\n<!--more-->\n\n\n\n<h2 class=\"wp-block-heading\" id=\"conseiller-aider-la-prise-de-decision\">Conseiller et aider \u00e0 la prise la d\u00e9cision<\/h2>\n\n\n\n<p>J&#8217;apporte mon expertise en aidant, accompagnant ou favorisant la prise de d\u00e9cision par l&#8217;apport d&#8217;un regard ext\u00e9rieur, rigoureux et syst\u00e9mique. Cela comprend notamment (liste non exhaustive &#8212; pour toute demande sp\u00e9cifique, prenez contact) :<\/p>\n\n\n\n<ul class=\"wp-block-list\">\n<li>Audits multidimensionnels (organigramme, sociogramme, psychogramme&#8230;) ;<\/li>\n\n\n\n<li>Pr\u00e9-r\u00e9organisation d&#8217;\u00e9quipes, de structures ou de projets ;<\/li>\n\n\n\n<li>Rep\u00e9rage des r\u00e9sistances ou freins au changement ;<\/li>\n\n\n\n<li>Ing\u00e9nierie de projet (interne\/externe) : Qualit\u00e9 de Vie au Travail (QVT), Responsabilit\u00e9 Sociale des Entreprises (RSE), Promotion de l&#8217;\u00e9galit\u00e9, Lutte contre les discriminations, Projets et programmes de recherche.<\/li>\n<\/ul>\n\n\n<div class=\"wp-block-image is-resized\">\n<figure class=\"aligncenter size-full\"><img loading=\"lazy\" decoding=\"async\" width=\"2560\" height=\"1707\" src=\"https:\/\/www.cabinet-jvl.fr\/site\/wp-content\/uploads\/2025-02-28_Jerome_shooting_0046-scaled.jpg\" alt=\"\" class=\"wp-image-1558\" srcset=\"https:\/\/www.cabinet-jvl.fr\/site\/wp-content\/uploads\/2025-02-28_Jerome_shooting_0046-scaled.jpg 2560w, https:\/\/www.cabinet-jvl.fr\/site\/wp-content\/uploads\/2025-02-28_Jerome_shooting_0046-300x200.jpg 300w, https:\/\/www.cabinet-jvl.fr\/site\/wp-content\/uploads\/2025-02-28_Jerome_shooting_0046-scaled-600x400.jpg 600w, https:\/\/www.cabinet-jvl.fr\/site\/wp-content\/uploads\/2025-02-28_Jerome_shooting_0046-1024x683.jpg 1024w, https:\/\/www.cabinet-jvl.fr\/site\/wp-content\/uploads\/2025-02-28_Jerome_shooting_0046-768x512.jpg 768w, https:\/\/www.cabinet-jvl.fr\/site\/wp-content\/uploads\/2025-02-28_Jerome_shooting_0046-1536x1024.jpg 1536w, https:\/\/www.cabinet-jvl.fr\/site\/wp-content\/uploads\/2025-02-28_Jerome_shooting_0046-2048x1365.jpg 2048w\" sizes=\"auto, (max-width: 2560px) 100vw, 2560px\" \/><figcaption class=\"wp-element-caption\">Photo \u00a9 Romain Jacquot<\/figcaption><\/figure>\n<\/div>\n\n\n<h2 class=\"wp-block-heading\" id=\"accompagner-la-decision\">Accompagner la d\u00e9cision et d\u00e9ployer le changement<\/h2>\n\n\n\n<p>Une fois la d\u00e9cision act\u00e9e, son d\u00e9ploiement n\u00e9cessite g\u00e9n\u00e9ralement un accompagnement. Je vous propose des prestations pour que le changement soit v\u00e9cu de la fa\u00e7on la plus positive, productive et vertueuse par les personnes concern\u00e9es. Cela comprend notamment (liste non exhaustive &#8212; pour toute demande sp\u00e9cifique, prenez contact) :<\/p>\n\n\n\n<ul class=\"wp-block-list\">\n<li>Accompagnement des phases de concertation ;<\/li>\n\n\n\n<li>Accompagnement aux changements : \u00e9changes avec les \u00e9quipes, groupes de parole, analyse des pratiques&#8230; ;<\/li>\n\n\n\n<li>Accompagnement des chefs de projet qui pilotent le changement ;<\/li>\n\n\n\n<li>Supervision d&#8217;\u00e9quipes de direction : soutien, questionnement et r\u00e9gulation.<\/li>\n<\/ul>\n\n\n\n<h3 class=\"wp-block-heading\" id=\"une-demarche-simple\"><strong>Une d\u00e9marche simple pour r\u00e9pondre au complexe<\/strong><\/h3>\n\n\n\n<p>Mon intervention est taill\u00e9e sur mesure, sp\u00e9cifiquement adapt\u00e9e \u00e0 vos besoins et \u00e0 votre contexte. Pour toute question ou pour \u00e9changer sur vos enjeux, <a href=\"https:\/\/www.cabinet-jvl.fr\/site\/nous-contacter\/\">contactez-moi et construisons ensemble<\/a> la r\u00e9ponse la plus appropri\u00e9e \u00e0 votre situation.<\/p>\n\n\n\n<h3 class=\"wp-block-heading\" id=\"contrats-en-cours\"><strong><strong>Quelques r\u00e9f\u00e9rences<\/strong><\/strong><\/h3>\n\n\n\n<ul class=\"wp-block-list\">\n<li><strong>Accompagnement d&#8217;une entreprise priv\u00e9e (CA de 4 M\u20ac\/an)<\/strong> \u00e0 la structuration et la r\u00e9organisation de son p\u00f4le recherche et de son p\u00f4le d\u00e9veloppement. Contrat d&#8217;un an renouvel\u00e9 6 fois, soit 6 ann\u00e9es d&#8217;intervention en pr\u00e9sentiel et distanciel, ainsi que 2h\/mois d&#8217;accompagnement individuel pour le directeur de la recherche, le directeur du d\u00e9veloppement et leurs \u00e9quipes.<\/li>\n\n\n\n<li><strong>Accompagnement d&#8217;une \u00e9quipe de direction associative<\/strong> dans la lev\u00e9e de difficult\u00e9s RH et la r\u00e9organisation d&#8217;un de ses \u00e9quipements. Factur\u00e9 \u00e0 l&#8217;heure d&#8217;expertise, depuis plus de 3 ans \u00e0 raison d&#8217;une s\u00e9ance par mois.<\/li>\n\n\n\n<li><strong>Accompagnement d&#8217;une \u00e9quipe de 100 agents dans la fusion de deux \u00e9tablissements publics appartenant \u00e0 un Centre Intercommunal d&#8217;Action Sociale (CIAS de plus de 200 agents) et accompagnement vers un changement de locaux.<\/strong> 24 journ\u00e9es d&#8217;intervention, 72 s\u00e9ances collectives en groupes de parole et analyses des pratiques (144 heures r\u00e9alis\u00e9es au b\u00e9n\u00e9fice de 9 groupes de 11 agents), 72 s\u00e9ances individuelles, ainsi que des temps d&#8217;\u00e9changes formels et informels avec les cadres de direction et interm\u00e9diaires.<\/li>\n\n\n\n<li><strong>Conception, accompagnement et coordination en 2025 et 2026 d&#8217;un projet d&#8217;\u00e9v\u00e9nement scientifique international<\/strong> dont la r\u00e9alisation se concr\u00e9tisera \u00e0 l&#8217;automne 2026.<\/li>\n\n\n\n<li><strong>Depuis de nombreuses ann\u00e9es, je suis personne ressource pour divers directeur\u00b7trices de structures (priv\u00e9es, publiques et associatives, locales ou nationales), managers ou cadres sup\u00e9rieurs que j&#8217;accompagne au quotidien.<\/strong><\/li>\n<\/ul>\n\n\n\n<figure class=\"wp-block-image size-full\"><img loading=\"lazy\" decoding=\"async\" width=\"817\" height=\"374\" src=\"https:\/\/www.cabinet-jvl.fr\/site\/wp-content\/uploads\/AccompagnementCIAS.png\" alt=\"\" class=\"wp-image-304\" srcset=\"https:\/\/www.cabinet-jvl.fr\/site\/wp-content\/uploads\/AccompagnementCIAS.png 817w, https:\/\/www.cabinet-jvl.fr\/site\/wp-content\/uploads\/AccompagnementCIAS-300x137.png 300w, https:\/\/www.cabinet-jvl.fr\/site\/wp-content\/uploads\/AccompagnementCIAS-600x275.png 600w, https:\/\/www.cabinet-jvl.fr\/site\/wp-content\/uploads\/AccompagnementCIAS-768x352.png 768w\" sizes=\"auto, (max-width: 817px) 100vw, 817px\" \/><figcaption class=\"wp-element-caption\">Accompagnement des agents d&#8217;un Centre Intercommunal d&#8217;Action Sociale (CIAS) en 2021-2022 (Photo : JVL)<\/figcaption><\/figure>\n","protected":false},"excerpt":{"rendered":"<p>Fort d&#8217;une expertise dans le management de projets complexes pour collectivit\u00e9s, universit\u00e9s, services d\u00e9concentr\u00e9s de l&#8217;\u00c9tat, associations, \u00c9tablissements Publics de Coop\u00e9ration Intercommunale (CCAS, Intercommunalit\u00e9s) et entreprises priv\u00e9es, je vous propose dans une approche int\u00e9grative et sur mesure un accompagnement ajust\u00e9 \u00e0 votre contexte qui construit et organise votre efficacit\u00e9, tant d&#8217;un point de vue humain [&hellip;]<\/p>\n","protected":false},"author":1,"featured_media":1568,"parent":0,"menu_order":0,"comment_status":"closed","ping_status":"closed","template":"page-consulting.php","meta":{"footnotes":""},"class_list":["post-130","page","type-page","status-publish","has-post-thumbnail","hentry"],"yoast_head":"<!-- This site is optimized with the Yoast SEO plugin v23.6 - https:\/\/yoast.com\/wordpress\/plugins\/seo\/ -->\n<title>Consulting : accompagner les organisations dans leurs transformations - Cabinet JVL<\/title>\n<meta name=\"robots\" content=\"index, follow, max-snippet:-1, max-image-preview:large, max-video-preview:-1\" \/>\n<link rel=\"canonical\" href=\"https:\/\/www.cabinet-jvl.fr\/site\/consulting-construire-avec-vous\/\" \/>\n<meta property=\"og:locale\" content=\"fr_FR\" \/>\n<meta property=\"og:type\" content=\"article\" \/>\n<meta property=\"og:title\" content=\"Consulting : accompagner les organisations dans leurs transformations - Cabinet JVL\" \/>\n<meta property=\"og:description\" content=\"Fort d&#8217;une expertise dans le management de projets complexes pour collectivit\u00e9s, universit\u00e9s, services d\u00e9concentr\u00e9s de l&#8217;\u00c9tat, associations, \u00c9tablissements Publics de Coop\u00e9ration Intercommunale (CCAS, Intercommunalit\u00e9s) et entreprises priv\u00e9es, je vous propose dans une approche int\u00e9grative et sur mesure un accompagnement ajust\u00e9 \u00e0 votre contexte qui construit et organise votre efficacit\u00e9, tant d&#8217;un point de vue humain [&hellip;]\" \/>\n<meta property=\"og:url\" content=\"https:\/\/www.cabinet-jvl.fr\/site\/consulting-construire-avec-vous\/\" \/>\n<meta property=\"og:site_name\" content=\"Cabinet JVL\" \/>\n<meta property=\"article:publisher\" content=\"https:\/\/www.facebook.com\/CabinetJVL\" \/>\n<meta property=\"article:modified_time\" content=\"2025-10-27T08:50:47+00:00\" \/>\n<meta property=\"og:image\" content=\"https:\/\/www.cabinet-jvl.fr\/site\/wp-content\/uploads\/2025-02-28_Jerome_shooting_0070-scaled.jpg\" \/>\n\t<meta property=\"og:image:width\" content=\"2560\" \/>\n\t<meta property=\"og:image:height\" content=\"1707\" \/>\n\t<meta property=\"og:image:type\" content=\"image\/jpeg\" \/>\n<meta name=\"twitter:card\" content=\"summary_large_image\" \/>\n<meta name=\"twitter:site\" content=\"@lamethodejvl\" \/>\n<meta name=\"twitter:label1\" content=\"Dur\u00e9e de lecture estim\u00e9e\" \/>\n\t<meta name=\"twitter:data1\" content=\"4 minutes\" \/>\n<script type=\"application\/ld+json\" class=\"yoast-schema-graph\">{\"@context\":\"https:\/\/schema.org\",\"@graph\":[{\"@type\":\"WebPage\",\"@id\":\"https:\/\/www.cabinet-jvl.fr\/site\/consulting-construire-avec-vous\/\",\"url\":\"https:\/\/www.cabinet-jvl.fr\/site\/consulting-construire-avec-vous\/\",\"name\":\"Consulting : accompagner les organisations dans leurs transformations - Cabinet JVL\",\"isPartOf\":{\"@id\":\"https:\/\/www.cabinet-jvl.fr\/site\/#website\"},\"primaryImageOfPage\":{\"@id\":\"https:\/\/www.cabinet-jvl.fr\/site\/consulting-construire-avec-vous\/#primaryimage\"},\"image\":{\"@id\":\"https:\/\/www.cabinet-jvl.fr\/site\/consulting-construire-avec-vous\/#primaryimage\"},\"thumbnailUrl\":\"https:\/\/www.cabinet-jvl.fr\/site\/wp-content\/uploads\/2025-02-28_Jerome_shooting_0070-scaled.jpg\",\"datePublished\":\"2022-06-23T04:40:06+00:00\",\"dateModified\":\"2025-10-27T08:50:47+00:00\",\"breadcrumb\":{\"@id\":\"https:\/\/www.cabinet-jvl.fr\/site\/consulting-construire-avec-vous\/#breadcrumb\"},\"inLanguage\":\"fr-FR\",\"potentialAction\":[{\"@type\":\"ReadAction\",\"target\":[\"https:\/\/www.cabinet-jvl.fr\/site\/consulting-construire-avec-vous\/\"]}]},{\"@type\":\"ImageObject\",\"inLanguage\":\"fr-FR\",\"@id\":\"https:\/\/www.cabinet-jvl.fr\/site\/consulting-construire-avec-vous\/#primaryimage\",\"url\":\"https:\/\/www.cabinet-jvl.fr\/site\/wp-content\/uploads\/2025-02-28_Jerome_shooting_0070-scaled.jpg\",\"contentUrl\":\"https:\/\/www.cabinet-jvl.fr\/site\/wp-content\/uploads\/2025-02-28_Jerome_shooting_0070-scaled.jpg\",\"width\":2560,\"height\":1707,\"caption\":\"Romain Jacquot\"},{\"@type\":\"BreadcrumbList\",\"@id\":\"https:\/\/www.cabinet-jvl.fr\/site\/consulting-construire-avec-vous\/#breadcrumb\",\"itemListElement\":[{\"@type\":\"ListItem\",\"position\":1,\"name\":\"Accueil\",\"item\":\"https:\/\/www.cabinet-jvl.fr\/site\/\"},{\"@type\":\"ListItem\",\"position\":2,\"name\":\"Consulting : accompagner les organisations dans leurs transformations\"}]},{\"@type\":\"WebSite\",\"@id\":\"https:\/\/www.cabinet-jvl.fr\/site\/#website\",\"url\":\"https:\/\/www.cabinet-jvl.fr\/site\/\",\"name\":\"Cabinet JVL\",\"description\":\"J\u00e9r\u00f4me Valentin-L\u00e9autaud, Th\u00e9rapeute Consultant et Formateur \u00e0 Nice\",\"publisher\":{\"@id\":\"https:\/\/www.cabinet-jvl.fr\/site\/#organization\"},\"potentialAction\":[{\"@type\":\"SearchAction\",\"target\":{\"@type\":\"EntryPoint\",\"urlTemplate\":\"https:\/\/www.cabinet-jvl.fr\/site\/?s={search_term_string}\"},\"query-input\":{\"@type\":\"PropertyValueSpecification\",\"valueRequired\":true,\"valueName\":\"search_term_string\"}}],\"inLanguage\":\"fr-FR\"},{\"@type\":\"Organization\",\"@id\":\"https:\/\/www.cabinet-jvl.fr\/site\/#organization\",\"name\":\"Cabinet J\u00e9r\u00f4me Valentin-L\u00e9autaud\",\"url\":\"https:\/\/www.cabinet-jvl.fr\/site\/\",\"logo\":{\"@type\":\"ImageObject\",\"inLanguage\":\"fr-FR\",\"@id\":\"https:\/\/www.cabinet-jvl.fr\/site\/#\/schema\/logo\/image\/\",\"url\":\"https:\/\/www.cabinet-jvl.fr\/site\/wp-content\/uploads\/logo-cabinet-jvl-s.png\",\"contentUrl\":\"https:\/\/www.cabinet-jvl.fr\/site\/wp-content\/uploads\/logo-cabinet-jvl-s.png\",\"width\":1044,\"height\":638,\"caption\":\"Cabinet J\u00e9r\u00f4me Valentin-L\u00e9autaud\"},\"image\":{\"@id\":\"https:\/\/www.cabinet-jvl.fr\/site\/#\/schema\/logo\/image\/\"},\"sameAs\":[\"https:\/\/www.facebook.com\/CabinetJVL\",\"https:\/\/x.com\/lamethodejvl\"]}]}<\/script>\n<!-- \/ Yoast SEO plugin. -->","yoast_head_json":{"title":"Consulting : accompagner les organisations dans leurs transformations - Cabinet JVL","robots":{"index":"index","follow":"follow","max-snippet":"max-snippet:-1","max-image-preview":"max-image-preview:large","max-video-preview":"max-video-preview:-1"},"canonical":"https:\/\/www.cabinet-jvl.fr\/site\/consulting-construire-avec-vous\/","og_locale":"fr_FR","og_type":"article","og_title":"Consulting : accompagner les organisations dans leurs transformations - Cabinet JVL","og_description":"Fort d&#8217;une expertise dans le management de projets complexes pour collectivit\u00e9s, universit\u00e9s, services d\u00e9concentr\u00e9s de l&#8217;\u00c9tat, associations, \u00c9tablissements Publics de Coop\u00e9ration Intercommunale (CCAS, Intercommunalit\u00e9s) et entreprises priv\u00e9es, je vous propose dans une approche int\u00e9grative et sur mesure un accompagnement ajust\u00e9 \u00e0 votre contexte qui construit et organise votre efficacit\u00e9, tant d&#8217;un point de vue humain [&hellip;]","og_url":"https:\/\/www.cabinet-jvl.fr\/site\/consulting-construire-avec-vous\/","og_site_name":"Cabinet JVL","article_publisher":"https:\/\/www.facebook.com\/CabinetJVL","article_modified_time":"2025-10-27T08:50:47+00:00","og_image":[{"width":2560,"height":1707,"url":"https:\/\/www.cabinet-jvl.fr\/site\/wp-content\/uploads\/2025-02-28_Jerome_shooting_0070-scaled.jpg","type":"image\/jpeg"}],"twitter_card":"summary_large_image","twitter_site":"@lamethodejvl","twitter_misc":{"Dur\u00e9e de lecture estim\u00e9e":"4 minutes"},"schema":{"@context":"https:\/\/schema.org","@graph":[{"@type":"WebPage","@id":"https:\/\/www.cabinet-jvl.fr\/site\/consulting-construire-avec-vous\/","url":"https:\/\/www.cabinet-jvl.fr\/site\/consulting-construire-avec-vous\/","name":"Consulting : accompagner les organisations dans leurs transformations - Cabinet JVL","isPartOf":{"@id":"https:\/\/www.cabinet-jvl.fr\/site\/#website"},"primaryImageOfPage":{"@id":"https:\/\/www.cabinet-jvl.fr\/site\/consulting-construire-avec-vous\/#primaryimage"},"image":{"@id":"https:\/\/www.cabinet-jvl.fr\/site\/consulting-construire-avec-vous\/#primaryimage"},"thumbnailUrl":"https:\/\/www.cabinet-jvl.fr\/site\/wp-content\/uploads\/2025-02-28_Jerome_shooting_0070-scaled.jpg","datePublished":"2022-06-23T04:40:06+00:00","dateModified":"2025-10-27T08:50:47+00:00","breadcrumb":{"@id":"https:\/\/www.cabinet-jvl.fr\/site\/consulting-construire-avec-vous\/#breadcrumb"},"inLanguage":"fr-FR","potentialAction":[{"@type":"ReadAction","target":["https:\/\/www.cabinet-jvl.fr\/site\/consulting-construire-avec-vous\/"]}]},{"@type":"ImageObject","inLanguage":"fr-FR","@id":"https:\/\/www.cabinet-jvl.fr\/site\/consulting-construire-avec-vous\/#primaryimage","url":"https:\/\/www.cabinet-jvl.fr\/site\/wp-content\/uploads\/2025-02-28_Jerome_shooting_0070-scaled.jpg","contentUrl":"https:\/\/www.cabinet-jvl.fr\/site\/wp-content\/uploads\/2025-02-28_Jerome_shooting_0070-scaled.jpg","width":2560,"height":1707,"caption":"Romain Jacquot"},{"@type":"BreadcrumbList","@id":"https:\/\/www.cabinet-jvl.fr\/site\/consulting-construire-avec-vous\/#breadcrumb","itemListElement":[{"@type":"ListItem","position":1,"name":"Accueil","item":"https:\/\/www.cabinet-jvl.fr\/site\/"},{"@type":"ListItem","position":2,"name":"Consulting : accompagner les organisations dans leurs transformations"}]},{"@type":"WebSite","@id":"https:\/\/www.cabinet-jvl.fr\/site\/#website","url":"https:\/\/www.cabinet-jvl.fr\/site\/","name":"Cabinet JVL","description":"J\u00e9r\u00f4me Valentin-L\u00e9autaud, Th\u00e9rapeute Consultant et Formateur \u00e0 Nice","publisher":{"@id":"https:\/\/www.cabinet-jvl.fr\/site\/#organization"},"potentialAction":[{"@type":"SearchAction","target":{"@type":"EntryPoint","urlTemplate":"https:\/\/www.cabinet-jvl.fr\/site\/?s={search_term_string}"},"query-input":{"@type":"PropertyValueSpecification","valueRequired":true,"valueName":"search_term_string"}}],"inLanguage":"fr-FR"},{"@type":"Organization","@id":"https:\/\/www.cabinet-jvl.fr\/site\/#organization","name":"Cabinet J\u00e9r\u00f4me Valentin-L\u00e9autaud","url":"https:\/\/www.cabinet-jvl.fr\/site\/","logo":{"@type":"ImageObject","inLanguage":"fr-FR","@id":"https:\/\/www.cabinet-jvl.fr\/site\/#\/schema\/logo\/image\/","url":"https:\/\/www.cabinet-jvl.fr\/site\/wp-content\/uploads\/logo-cabinet-jvl-s.png","contentUrl":"https:\/\/www.cabinet-jvl.fr\/site\/wp-content\/uploads\/logo-cabinet-jvl-s.png","width":1044,"height":638,"caption":"Cabinet J\u00e9r\u00f4me Valentin-L\u00e9autaud"},"image":{"@id":"https:\/\/www.cabinet-jvl.fr\/site\/#\/schema\/logo\/image\/"},"sameAs":["https:\/\/www.facebook.com\/CabinetJVL","https:\/\/x.com\/lamethodejvl"]}]}},"_links":{"self":[{"href":"https:\/\/www.cabinet-jvl.fr\/site\/wp-json\/wp\/v2\/pages\/130","targetHints":{"allow":["GET"]}}],"collection":[{"href":"https:\/\/www.cabinet-jvl.fr\/site\/wp-json\/wp\/v2\/pages"}],"about":[{"href":"https:\/\/www.cabinet-jvl.fr\/site\/wp-json\/wp\/v2\/types\/page"}],"author":[{"embeddable":true,"href":"https:\/\/www.cabinet-jvl.fr\/site\/wp-json\/wp\/v2\/users\/1"}],"replies":[{"embeddable":true,"href":"https:\/\/www.cabinet-jvl.fr\/site\/wp-json\/wp\/v2\/comments?post=130"}],"version-history":[{"count":19,"href":"https:\/\/www.cabinet-jvl.fr\/site\/wp-json\/wp\/v2\/pages\/130\/revisions"}],"predecessor-version":[{"id":1777,"href":"https:\/\/www.cabinet-jvl.fr\/site\/wp-json\/wp\/v2\/pages\/130\/revisions\/1777"}],"wp:featuredmedia":[{"embeddable":true,"href":"https:\/\/www.cabinet-jvl.fr\/site\/wp-json\/wp\/v2\/media\/1568"}],"wp:attachment":[{"href":"https:\/\/www.cabinet-jvl.fr\/site\/wp-json\/wp\/v2\/media?parent=130"}],"curies":[{"name":"wp","href":"https:\/\/api.w.org\/{rel}","templated":true}]}}